2 + 3*n**2 - 5*n - n**2 + u*n**2 - 7*n**2. Give c(-5).
-2
Let c be -22 + 9/(45/20). Let m = 29 + c. Let g(w) = w**3 - 12*w**2 + 12*w - 16. Determine g(m).
-5
Let d(r) = 3*r - 2. Let a(i) be the first derivative of i**2/2 + 2*i - 7. Let s(u) be the first derivative of a(u). Let x(f) = d(f) + 4*s(f). What is x(-4)?
-10
Let v(k) = -k**2 - 2*k + 4. Let c = 216 - 219. Give v(c).
1
Suppose 0 = 40*d - 35*d. Let q(h) be the third derivative of d*h - 1/3*h**3 + 5/24*h**4 + 0 + 5*h**2 - 1/60*h**5. Give q(5).
-2
Let o(u) = 2*u - 10. Suppose -269*s + 18 = -263*s. Determine o(s).
-4
Let r(a) = 4*a**2 + 4*a + 2. Let i(b) = -3*b**2 - 8*b - 2. Let h(w) = -2*i(w) - 3*r(w). Let y = -5 - -7. Calculate h(y).
-18
Let j(b) = 3*b**2 + 2*b - 1. Let v be j(-3). Let n = -14 + v. Let z(y) = -y - 2. Give z(n).
-8
Let r(a) = 77*a**2 + 56*a. Let s(w) = 7*w**2 + 5*w. Let y(b) = 5*r(b) - 56*s(b). Let g(h) = 13*h**2. Let n(d) = -4*g(d) - 7*y(d). What is n(-2)?
-12
Let z(k) = -k**2 + 7*k - 7. Suppose 13*r + 16 = 16*r + u, -29 = -5*r - 4*u. Calculate z(r).
3
Let j(z) = 11*z - 6. Let q(v) = v - 1. Let n(o) = -j(o) + 5*q(o). Let s(y) = 13*y - 2. Let g(h) = 5*n(h) + 2*s(h). Let c be -8 + 2 - (2 + -7). Calculate g(c).
5
Suppose 11*p - 66 = -11*p. Let n be (-1 - 5)/(-2 + 0). Suppose -p*j + 5*o - 3 = -14, -n*j - 2*o - 17 = 0. Let v(d) = d**3 + 2*d**2 + 2. What is v(j)?
-7
Let y(b) be the third derivative of -b**6/120 - 17*b**5/60 - 5*b**4/8 + 7*b**3/2 + 25*b**2 + 2. What is y(-16)?
5
Suppose 4*x - 3 - 9 = -2*o, 0 = 2*o - 2*x + 12. Let g(s) = -10*s + 2*s**2 + 0*s**3 + 9*s + 3*s**3 + 1. Calculate g(o).
-13
Let y = 33 + -31. Let r(k) = -2*k + 2*k**2 - 9*k**2 - 2*k**y + k**3 + 6*k**2 - 3. Determine r(3).
-9
Let j = -3 - -3. Let o(u) = -u + 1. Let i be ((-1)/(-2)*-2)/1. Let b(k) = k**2 - 3*k + 11. Let x(c) = i*b(c) + 3*o(c). Calculate x(j).
-8
Let l(z) be the second derivative of z**3/3 + z**2 - z. Let q = -44 + 68. Suppose -i - q = -5*t - 11, 3*i - 3 = t. Give l(t).
8
Let g(h) be the second derivative of -h**5/10 - 7*h**4/12 - 2*h**3/3 + 82*h. Give g(-4).
32
Suppose 79*f = 75*f + 8. Let w be (-6 + 3 - f)*14/(-10). Let d(j) = -j**3 + 8*j**2 - 8*j + 9. What is d(w)?
2
Let c(k) = 5*k + 6. Suppose -5 - 7 = 3*m. Let l(y) = -6*y - 6. Let x(b) = m*c(b) - 3*l(b). Suppose 2*o + 20 = -5*h, -5*h = o + 2*o + 20. Calculate x(h).
2
Let m(z) = -z**3 - 6*z**2 + 2*z + 1. Let a(l) = l + 1. Let w(c) = 6*a(c) + m(c). Let j be w(-7). Suppose j = -2*b - 7 + 1. Let r(g) = -g - 7. Calculate r(b).
-4
Let s be ((-18)/21)/((-1)/7). Let l(b) = -5*b - 20. Let u(j) = -4*j - 15. Let g(o) = 3*l(o) - 4*u(o). Give g(s).
6
Let j(h) = -h**3 + 4*h**2 + 14*h - 11. Let v be j(6). Let m(y) = -60*y + 24*y + v + 27*y. Give m(-1).
10
Let b(x) = 79*x**2 - 13*x + 3. Let i(h) = 35*h**2 - 7*h + 2. Let g(q) = 4*b(q) - 9*i(q). Give g(-8).
-30
Let j(h) = 2*h**3 - h**2 - 2*h + 2. Let b(x) = x**3 - 5*x**3 - 9*x + 0*x**3 + 2 - 8*x**2 + 5*x**3. Let u be b(9). Suppose 5*z + u - 12 = 0. Give j(z).
10
Let i(n) = n - 6*n + 0 - 1 + 2. Suppose 0 = 2*j + 11 - 9. What is i(j)?
6
Let y(z) = 5*z + 1. Suppose 0 = 3*g - 10*g - 7. Give y(g).
-4
Let s(n) = -2*n - 5. Let j(a) be the first derivative of a - 1. Suppose -5*c + 3 = 3*g - 9, 5*g - 5*c = -20. Let h(y) = g*s(y) + 2*j(y). Give h(-5).
-3
Let n(m) = m**3 + 7*m**2 + 11*m + 1. Let p be ((-4)/(-34) + 1377/578)*-2. What is n(p)?
-4
Let u(g) be the second derivative of 6*g - g**2 + 1/8*g**4 - 1/3*g**3 - 1/60*g**5 + 0. Let s(d) be the first derivative of u(d). Give s(4).
-6
Let k(r) = 5*r - 11. Let z(q) be the third derivative of q**4/8 - q**3 + 23*q**2. Let l(f) = -4*k(f) + 7*z(f). Give l(-1).
1
Let o(w) = w**3 - 4*w**2 + 1. Let c(n) = 74*n + 523. Let z be c(-7). Determine o(z).
26
Let h(o) be the first derivative of -o**3/6 + 3*o**2 + 3*o - 2. Let y(d) be the first derivative of h(d). Suppose 14 = -w + 19. Give y(w).
1
Let a = -6 + 13. Suppose -3*s = -a*s + 12. Let y(p) = -2 + s + 5*p - 3. Give y(3).
13
Let t(b) = -b + 1. Suppose -5*z - 126 = 3*g, -120 = 2*z + 2*z - 4*g. Let d = -25 - z. Suppose 4*q = -w - 5, -5*q = 2*w - d*q - 5. Give t(w).
-6
Let v(c) be the second derivative of -4*c**3/3 - 3*c**2 - 7*c + 2. Give v(-2).
10
Let p = -1 + -3. Let o(l) = l + 7. Let y be o(p). Let w be y/(1*(-3)/3). Let s(r) = 5*r + 2. What is s(w)?
-13
Let d(s) = s - 136 + 6*s + 0*s**3 + 70 + 57 - s**3 - 6*s**2. Let f be 2/7 + 51/(-7). What is d(f)?
-9
Let b(s) be the second derivative of s**3/2 - 71*s**2/2 + 43*s. Let i be b(24). Let c(u) = -5*u**2 + u. What is c(i)?
-4
Suppose -20*u - u = -21. Let t(f) be the first derivative of f**7/840 + f**6/360 - 2*f**3/3 - 2. Let s(c) be the third derivative of t(c). Calculate s(u).
2
Let p = -12 + 6. Let u = p + 11. Let j(f) be the second derivative of f**3/3 - 7*f**2/2 - 14*f. What is j(u)?
3
Let p(d) = -425*d - d**2 + 3 - d**3 + 212*d + 212*d. Determine p(-3).
24
Let y = -34 + 37. Let v(a) be the third derivative of -a**6/120 + a**5/30 + a**4/12 - a**3/6 - 11*a**2. Calculate v(y).
-4
Let c(l) be the second derivative of l**5/20 - l**4/4 - 3*l**3/2 + 2*l**2 - 203*l. Determine c(5).
9
Let q be (5/(-2))/(3/(-90)). Let j(h) = -3 + 2 - 74*h + q*h. Give j(-5).
-6
Let l(b) = -b**2 - 4. Let k(r) = 22*r - 48. Let m be k(2). Give l(m).
-20
Let j be (3 - 6/3) + 4. Suppose j = 4*i - 7. Let p(r) = 3*r + 4. Give p(i).
13
Let t(r) be the first derivative of -27*r**4/4 - r**3/3 - r**2/2 + r - 365. Calculate t(1).
-28
Let t(l) = l**3 - 18*l**2 - 19*l - 8. Suppose 32*w - 295 - 313 = 0. Determine t(w).
-8
Suppose -3*m + 20 = 5*b, 0*m - 5 = 5*b - 2*m. Let f = 10 - -2. Let u(n) = 5 - 3 - f*n**2 - 4 + b. Give u(1).
-13
Let p(j) = -j**3 - 6*j**2 + 5*j - 14. Let s(o) = o**2 - 15*o - 23. Let m be s(16). What is p(m)?
0
Let h(q) = 9*q - 10*q - 16*q + 38*q. What is h(-2)?
-42
Let g be (-2 - (-24)/20)/(4/(-20)). Let a be 7*4/(-70)*-5. Let v(m) = -3*m - m**3 + 5*m**a - 5*m**2 + 6*m**2 - m**2 - 2. Determine v(g).
2
Let y(j) = j - 2. Let v = -8 + 11. Suppose v = 3*z + 12. Calculate y(z).
-5
Let l(j) = -2*j - 4*j - 79*j**2 + 2*j**3 - 3 + 3*j + 78*j**2. Determine l(-2).
-17
Let c(m) = 19*m + 19. Let k(t) = 101*t + 94. Let f(z) = -11*c(z) + 2*k(z). Calculate f(-3).
0
Let o be 150/(-35) - 4/(-14). Let m be (o + 2)*(-2)/1. Let t(p) = m + 5*p**2 - p**3 - 5 - 5*p**2. What is t(0)?
-1
Suppose -m = 4*a - 6*m - 25, -4*a + 2*m + 10 = 0. Let v(t) be the first derivative of 1/2*t**2 + 10 + 8*t. What is v(a)?
8
Let l = -226 - -224. Let f(c) be the second derivative of c**5/120 - c**4/12 + c**3/2 - 4*c. Let g(p) be the second derivative of f(p). Give g(l).
-4
Let i(o) be the third derivative of -o**6/60 + o**5/10 - o**4/24 - o**3/3 + 9*o**2. Determine i(4).
-38
Let g be 10/6 + -2 + (-150)/(-45). Let b(c) = -6*c - 3. Calculate b(g).
-21
Let v(k) be the second derivative of 12*k + 1/4*k**4 + 1/20*k**5 + k**2 + 1/3*k**3 + 0. Let m(a) = a**2 + 2*a - 2. Let x be m(-2). Determine v(x).
2
Let s(h) = 4*h - 5. Let z(p) = 3*p - 5. Let v(m) = -6*s(m) + 7*z(m). Let o(c) = 4*c - 18. Let l be o(-5). Let f be l/9 + -5*14/(-315). What is v(f)?
7
Let p(x) = 2*x + 194 - 195 - 5*x. Calculate p(3).
-10
Let l(a) be the first derivative of a**4/4 + 9*a**2/2 - 8. Let b(h) be the second derivative of l(h). Suppose -5*x - 3 = -2*x. Determine b(x).
-6
Suppose -150 = 10*q - 40*q. Suppose 0*a + 3*a + 6 = 5*k, 0 = a + k - 6. Let z(b) = a + 0*b - 2*b + 4. Give z(q).
-3
Let t be (0 + -2)/(30/(-45)). Let p be (-14)/(-21) - (-4)/t. Let s(f) = -2 + 2*f**2 - f**3 - p*f + 2*f + 2*f. Calculate s(3).
-5
Let a(p) be the first derivative of p**2 + 3*p + p + 13 + 5*p - 3*p. Determine a(-5).
-4
Let s(j) = -j**3 - 4*j**2 - 2*j + 2. Suppose 4*i - 194 = -74. Suppose -3*v + i = 39. What is s(v)?
-1
Let u = 358 - 352. Let p(d) be the first derivative of u*d + 5/2*d**2 - 1/3*d**3 + 3. Determine p(5).
6
Let m(b) be the third derivative of b**6/120 - b**5/12 + b**4/8 + b**3/3 + 24*b**2 - 2*b. Calculate m(5).
17
Let n(z) = -2*z**3 - 7*z**2 - 6*z - 7. Let o be n(-3). Let j(r) be the first derivative of -r**o + 1/3*r**3 - r + 1/4*r**4 - 4. Calculate j(-2).
-1
Let z(u) be the third derivative of -u**5/20 - u**4/24 + 7*u**3/6 + 2*u**2. Let k(d) be the first derivative of z(d). Let x = -4 + 3. What is k(x)?
5
Let m(w) = 5 + 2 + 23*w + 3*w**2 - 17*w + 4. Let n(r) = r**2 + 3